= 9*u - 7*u + 6, 4*m = -4*u - 20. Let j be 2766/21 - m/14. What is the greatest common factor of j and 88?
44
Suppose -3*q = -141 - 30. Let o = -114202 + 115114. Calculate the greatest common factor of q and o.
57
Let i = 82 + -112. Let p = i - -35. Suppose 130 = -0*f + p*f. Calculate the highest common divisor of f and 234.
26
Suppose 2*w - 2*q + q = 19, -47 = -5*w + 3*q. Let k be 46/w - (-6)/15. Suppose -165 = -k*z + 2*z. Calculate the highest common factor of 11 and z.
11
Let o(z) = z**3 + 17*z**2 + 44*z + 60. Let s be o(-14). Calculate the highest common factor of s and 296.
8
Let m = -3053 - -3185. What is the highest common factor of m and 891?
33
Let t(x) = -x**3 + 7*x**2 - 5*x. Let n be t(6). Let z be (-24)/n + 10 - -2. What is the greatest common divisor of 12 and z?
4
Suppose 27*p = -56*p + 17264. Calculate the greatest common factor of p and 104.
104
Let i be 156/24*(13 + -11). What is the greatest common factor of 11167 and i?
13
Let o = 5721 - 2946. What is the highest common divisor of o and 222?
111
Suppose 26*x - 31*x - f + 3554 = 0, 4*x + 3*f - 2852 = 0. What is the greatest common factor of x and 10?
10
Let i be 3*14/(-21)*-163. Suppose -333*x = -i*x - 1001. Calculate the greatest common divisor of 22 and x.
11
Let s = 33 - 28. Suppose 2*k = -3*k + 3*b - 4, 16 = -s*k - 3*b. Let z be 545/10 - (-1)/k. What is the highest common factor of z and 81?
27
Let v = 38046 - 28197. What is the highest common divisor of 268 and v?
67
Let r = -61 + 102. Let w(s) = 12*s - r*s**2 + 36*s**2 + 5*s**3 - 6*s**3. Let q be w(-7). What is the greatest common divisor of 14 and q?
14
Suppose 123 = -22*u + 25*u. Let a = -39 + u. Suppose a*r + r - 36 = 0. Calculate the highest common factor of 4 and r.
4
Let k be 1 - ((-3)/15 - 470/25). Suppose -5*n = 4*w + 60, 0 = w - 3*n - 6 + 38. Let j be 30/4*w/(-15). What is the highest common divisor of j and k?
10
Let g be 3/2*((-3 - -8) + -1). Let m be (-3 - g)*-1 + -4. Suppose 30 = 5*n + 2*k + 3*k, -4*n + m*k + 6 = 0. Calculate the greatest common divisor of n and 44.
4
Suppose 528 = -3*x + 2*d + 1502, -2*x = 5*d - 624. Let h be 1/2 - (-10 - 63/18). Calculate the greatest common divisor of h and x.
14
Let v(n) = -10*n**2 - 183*n + 63. Let l be v(-18). Suppose -5*i - 4*f + 90 = 0, -36 = 3*i - 5*i + 4*f. Calculate the greatest common divisor of l and i.
9
Suppose 5*g - 527*h - 403 = -523*h, -293 = -4*g - h. Let m be ((-37)/(-2))/((-3)/(-6)). Let v = m + -22. What is the greatest common divisor of g and v?
15
Let c = -5708 - -5734. What is the highest common divisor of 6 and c?
2
Suppose -95 = -25*r + 6*r. Suppose -3*m + r*h - 7*h + 506 = 0, 2*h = -5*m + 850. Calculate the highest common factor of 86 and m.
86
Suppose -2*z + 347 = -z. Let x = z - 239. Let c(k) = -2*k + 90. Let d be c(9). What is the highest common divisor of d and x?
36
Let z = 26975 + -24489. What is the greatest common factor of 242 and z?
22
Let f be (1 - -1)/4*-4 + 14. Let i = f + 18. Suppose -72 = -4*r - 2*g + 8, -3*g = 2*r - 40. What is the greatest common factor of r and i?
10
Let y(o) = 645*o + 16301. Let w be y(-25). Calculate the greatest common factor of w and 6446.
22
Suppose -1416 = b - 5*b. Suppose 3*o = 6, o = -0*q + q - b. Let h = q + -212. Calculate the highest common divisor of h and 24.
24
Suppose -2*z + 11043 = 2*l + 2245, -l + z = -4385. What is the highest common divisor of l and 132?
12
Let g = 12360 - 12088. Calculate the greatest common divisor of g and 289.
17
Let f be 370/(-4)*7/(35/(-6)). Suppose -4*u - 4*x + 392 = 0, 130 = u - 2*x + 38. Let h = f - u. Calculate the greatest common divisor of 20 and h.
5
Let j(r) be the second derivative of r**5/20 - 17*r**4/12 - 35*r**3/6 + 27*r**2/2 + 19*r + 2. Let h be j(19). What is the highest common factor of h and 96?
12
Let h(d) = -47*d + 183. Let z be h(-49). Calculate the greatest common divisor of 113 and z.
113
Let d be (54/36)/(1/306). Calculate the highest common divisor of 27 and d.
27
Let o = -4957 + 4977. What is the highest common factor of 380 and o?
20
Suppose -4*q = -20, 24*r - 27*r = -5*q - 53. Let n be -1*9/6*-2. Suppose -k - 5*f + 68 = k, -4*f = -n*k + 125. Calculate the highest common factor of k and r.
13
Suppose -16*u + 18*u = -26. Let c(v) = -2*v**2 - 25*v + 22. Let b be c(u). Let f be (1*110/15)/(6/b). Calculate the greatest common divisor of f and 88.
11
Let r(j) = 5*j**3 + 7*j**2 - 23*j + 46. Let o(h) = h**3 - 2. Let t(l) = -4*o(l) + r(l). Let a be t(6). What is the highest common divisor of 8 and a?
8
Let q(m) = 4*m**2 + 8*m + 4. Let c be q(-5). Let s = 36 + 12. Calculate the greatest common divisor of c and s.
16
Suppose h = s + 328, -367 = -3*h + s + 609. Let z = h - 305. What is the highest common divisor of z and 304?
19
Suppose 2256 = 13*a + 11*a + 336. What is the greatest common divisor of a and 912?
16
Suppose -22*n + 10 = -24*n. Let i be (-60)/9*24/(-20). Let h = i - n. Calculate the greatest common factor of h and 13.
13
Let q(v) = -2*v**3 - 14*v**2 + 8*v - 39. Let n be q(-9). What is the highest common divisor of n and 994?
71
Suppose 429 = 3*r + 4*c - 62, 6*r + 4*c = 998. What is the greatest common divisor of r and 104?
13
Suppose 27*i = 43*i - 14880. What is the highest common factor of 30 and i?
30
Let l be (82/28 + 24/42)*(-80)/(-14). Calculate the greatest common divisor of 410 and l.
10
Let o(c) = -6*c**2 + 192*c + 11. Let q be o(30). What is the greatest common factor of 21 and q?
7
Suppose 2*h = -2*j + 28, 0 = -j - 2*j - 5*h + 50. Suppose j*s = 29 + 571. Calculate the highest common factor of 160 and s.
20
Let p = 10 + -5. Suppose p*c - 17 - 8 = 0. Suppose 72 = 6*r - c*r. Calculate the greatest common divisor of 9 and r.
9
Suppose 4*m - 941 = -4*y + 379, 2*y - 1318 = -4*m. Suppose 16 = -4*h, 2*d - 5*d + 60*h = 55*h - 41. What is the greatest common divisor of d and m?
7
Let m(t) = -t**3 + 12*t**2 + 15*t - 25. Let y = -55 - -55. Suppose y = -9*l + 15*l - 78. Let w be m(l). Calculate the highest common factor of w and 4.
1
Let a = 15 - 39. Let z = a - -27. Suppose -h + z*l = -2*l - 278, -739 = -3*h - 4*l. Calculate the highest common factor of h and 23.
23
Suppose 0 = -4*d - 3*s + 30189, -104*d - 2*s = -109*d + 37765. Calculate the greatest common factor of 27 and d.
9
Suppose 13*w = 5*t + 14*w - 202, -4*w = 3*t - 128. Let j(y) = 100*y - 40. Let q be j(5). Calculate the greatest common factor of t and q.
20
Suppose 0 = -4*s + t + 12, -5*s + 5 = -3*t - 10. Suppose 5*m + s*p = 62, -p + 66 = 5*m - 2*p. Calculate the greatest common divisor of m and 611.
13
Let y be 250/(-15)*(-56 + (-4 - -3)). What is the greatest common factor of y and 57?
19
Let h(g) = g**3 - 16*g**2 + 9*g - 18. Let a be h(18). Suppose 24*k - a = 15*k. What is the highest common factor of 8 and k?
8
Suppose 0 = 3*r + z + 43 - 1732, -3*z + 2823 = 5*r. Calculate the greatest common divisor of 759 and r.
33
Let l(u) = -30*u - 27. Let h(f) = -f**2 + 16*f + 45. Let n be h(19). Let k be l(n). What is the highest common factor of 9 and k?
9
Suppose -9*h + 376 = -5*h. Let q = -90 + h. Suppose -4*t - 241 = f - 609, 0 = q*f - 16. Calculate the highest common factor of t and 13.
13
Let y(f) = -73*f - 1. Let d be y(-1). Let j = -117082 + 117098. Calculate the highest common factor of d and j.
8
Let s = 6253 + -6165. What is the highest common factor of 572 and s?
44
Let c(n) = 12*n - 8. Let r = -81 + 35. Let t = r - -49. Let k be c(t). Calculate the highest common divisor of 42 and k.
14
Suppose -16*b + 129*b - 960 = 73*b. Let u(r) = 6*r**2 - 4*r - 2. Let q be u(-3). What is the highest common divisor of q and b?
8
Suppose 0 = -o + 4*s + 82, 79 = 4*o - 3*o - 3*s. Let m(d) = 4*d**2 - 271*d + 1305. Let b be m(5). Calculate the greatest common factor of b and o.
10
Let w = -12950 - -23624. Calculate the highest common divisor of w and 18.
18
Let f(s) = -2*s**2 + 30*s - 38. Let k be 65/2*2*(-2)/(-10). Let i be f(k). Let v(b) = 3*b - 2. Let d be v(10). What is the highest common divisor of d and i?
14
Let p(l) = l - 20 - l - 61 - 7*l. Let d be p(-21). Calculate the greatest common divisor of d and 264.
66
Let x be 584/(-73) - (-26)/2. Let t = 684 - 409. Suppose -t = 4*q - 9*q. Calculate the highest common factor of q and x.
5
Let f be (4/(-6))/(2/(-99)). Suppose -2*w + 97 = f. Let 